{"id":8652,"date":"2016-05-03T21:19:45","date_gmt":"2016-05-03T19:19:45","guid":{"rendered":"https:\/\/www.meschede-aktiv.de\/aktiv\/?page_id=8652"},"modified":"2021-10-20T10:23:49","modified_gmt":"2021-10-20T08:23:49","slug":"wochenmarkt","status":"publish","type":"page","link":"https:\/\/www.meschede-aktiv.de\/aktiv\/?page_id=8652","title":{"rendered":"Der Wochenmarkt in Meschede"},"content":{"rendered":"<p><img decoding=\"async\" loading=\"lazy\" class=\"alignright wp-image-8792 size-full\" title=\"Wochenmarkt in Meschede\" src=\"https:\/\/www.meschede-aktiv.de\/aktiv\/img\/content\/wochenmarkt.jpg\" alt=\"Wochenmarkt in Meschede\" width=\"300\" height=\"450\" \/>Bunt, lebendig und vielf\u00e4ltig ist der Wochenmarkt nicht nur ein Lieferant f\u00fcr frische Nahrungsmittel wie Obst, Gem\u00fcse, Gew\u00fcrze, Blumen, K\u00e4se, Fisch und Fleisch sondern auch ein Treffpunkt zum Austauschen.<\/p>\n<p><strong>Meschede<\/strong><br \/>\nIn der Kernstadt Meschede findet schon seit vielen Jahrzehnten ein Wochenmarkt statt. Dieser befindet sich jeweils dienstags und freitags auf dem Stiftsplatz und dem Kaiser-Otto-Platz, direkt an der sch\u00f6nen St. Walburga-Kirche gelegen.<\/p>\n<p><strong>\u00d6ffnungszeiten:<\/strong><br \/>\ndienstags &amp; freitags von 7.00 bis 13.00 Uhr<\/p>\n<p><strong>Interesse an einem Standplatz?<\/strong><br \/>\nDie Zuteilung eines Marktplatzes erfolgt durch den Marktmeister. Eckdaten f\u00fcr Aussteller sowie die passenden Ansprechperson finden sind auf <a href=\"https:\/\/www.meschede.de\/rathaus-service\/mein-anliegen\/dienstleistungen-a-z\/dienstleistung\/show\/wochenmarkt\/\" target=\"_blank\" rel=\"noopener noreferrer\"><strong>dieser Seite<\/strong><\/a> aufgef\u00fchrt.<\/p>\n<a target=\"_blank\" href=\"https:\/\/www.meschede.de\/leben-einkaufen\/einkaufen\/wochenmarkt\/\" class=\"sc-button alignleft light\" style=\"background-color: #009fe3; border-color: #009fe3; width: 300px; \"><span class=\"border\"><span class=\"wrap\"><span class=\"title\" style=\"color: #FFFFFF;\">Weitere Informationen zum Wochenmarkt<\/span><span class=\"description\"><\/span><\/span><\/span><\/a>\n","protected":false},"excerpt":{"rendered":"<p>Bunt, lebendig und vielf\u00e4ltig ist der Wochenmarkt nicht nur ein Lieferant f\u00fcr frische Nahrungsmittel wie Obst, Gem\u00fcse, Gew\u00fcrze, Blumen, K\u00e4se, Fisch und Fleisch sondern auch ein Treffpunkt zum Austauschen. Meschede In der Kernstadt Meschede findet schon seit vielen Jahrzehnten ein Wochenmarkt statt. Dieser befindet sich jeweils dienstags und freitags auf dem Stiftsplatz und dem Kaiser-Otto-Platz, [&hellip;]<\/p>\n","protected":false},"author":1,"featured_media":0,"parent":0,"menu_order":0,"comment_status":"closed","ping_status":"closed","template":"","meta":[],"_links":{"self":[{"href":"https:\/\/www.meschede-aktiv.de\/aktiv\/index.php?rest_route=\/wp\/v2\/pages\/8652"}],"collection":[{"href":"https:\/\/www.meschede-aktiv.de\/aktiv\/index.php?rest_route=\/wp\/v2\/pages"}],"about":[{"href":"https:\/\/www.meschede-aktiv.de\/aktiv\/index.php?rest_route=\/wp\/v2\/types\/page"}],"author":[{"embeddable":true,"href":"https:\/\/www.meschede-aktiv.de\/aktiv\/index.php?rest_route=\/wp\/v2\/users\/1"}],"replies":[{"embeddable":true,"href":"https:\/\/www.meschede-aktiv.de\/aktiv\/index.php?rest_route=%2Fwp%2Fv2%2Fcomments&post=8652"}],"version-history":[{"count":10,"href":"https:\/\/www.meschede-aktiv.de\/aktiv\/index.php?rest_route=\/wp\/v2\/pages\/8652\/revisions"}],"predecessor-version":[{"id":9997,"href":"https:\/\/www.meschede-aktiv.de\/aktiv\/index.php?rest_route=\/wp\/v2\/pages\/8652\/revisions\/9997"}],"wp:attachment":[{"href":"https:\/\/www.meschede-aktiv.de\/aktiv\/index.php?rest_route=%2Fwp%2Fv2%2Fmedia&parent=8652"}],"curies":[{"name":"wp","href":"https:\/\/api.w.org\/{rel}","templated":true}]}}